e c(-107).
1
Let t(j) = -20*j + 525. Calculate t(24).
45
Let m(h) = 7*h**2 - 60*h + 168. Give m(3).
51
Let y(r) = r**3 + 6*r**2 - 22*r + 14. Give y(5).
179
Let u(f) = 117*f - 2030. Calculate u(17).
-41
Let i(b) = -2*b**3 + 5*b**2 - 10*b - 162. Calculate i(-6).
510
Let x(y) = 53*y + 132. Give x(-4).
-80
Let i(g) = 71*g + 544. Give i(-8).
-24
Let m(n) = 2*n**3 - 20*n**2 + 31*n - 16. Calculate m(8).
-24
Let t(o) = 18*o**2 - 397*o - 398. Calculate t(23).
-7
Let q(x) = 148*x - 890. Determine q(6).
-2
Let g(t) = 8*t**2 + 470*t - 629. Determine g(-60).
-29
Let h(b) = -b**3 - 133*b**2 + 1109*b - 2678. Give h(-141).
1
Let x(p) = 440*p + 215. Give x(-2).
-665
Let p(a) = 3*a**3 + 67*a**2 + 20*a + 71. Calculate p(-22).
115
Let x(j) = 24*j - 67. Calculate x(3).
5
Let l(p) = -3*p**2 + 439*p - 15751. Calculate l(63).
-1
Let n(l) = l**2 + 16*l - 3194. Give n(-65).
-9
Let j(r) = 2*r**3 - 21*r**2 - 3*r + 129. Determine j(10).
-1
Let h(m) = m**2 + 72*m + 768. Give h(-58).
-44
Let b(j) = 23*j**2 + 49*j + 45. Give b(-4).
217
Let g(b) = 874*b - 6134. Calculate g(7).
-16
Let a(g) = -2*g**2 + 67*g + 608. What is a(41)?
-7
Let z(c) = -517*c + 7734. What is z(15)?
-21
Let k(t) = t**3 + 18*t**2 + 39*t - 103. Calculate k(-15).
-13
Let p(s) = 354*s + 11033. Determine p(-31).
59
Let k(n) = -n**3 + 11*n**2 - 8*n + 227. Calculate k(12).
-13
Let p(s) = -19*s**2 - 210*s - 2. Give p(-11).
9
Let x(d) = 13*d**3 - 3*d**2 + 5*d - 3. What is x(2)?
99
Let x(c) = c**3 - 8*c**2 - 10*c + 130. What is x(6)?
-2
Let z(g) = -3*g - 54. What is z(-15)?
-9
Let d(s) = s**3 - 31*s**2 - 356*s - 154. Calculate d(40).
6
Let l(w) = w**3 - 23*w**2 + 46*w + 102. What is l(21)?
186
Let s(w) = -66*w**2 + 177*w + 365. What is s(-2)?
-253
Let u(y) = y**2 + 66*y + 694. Determine u(-13).
5
Let i(d) = d**3 - 12*d**2 + 12*d + 92. Calculate i(10).
12
Let f(a) = -101*a - 3530. What is f(-35)?
5
Let x(t) = -25*t**2 - 27*t - 28. Determine x(-1).
-26
Let n(j) = -23*j - 172. What is n(-7)?
-11
Let j(m) = m**3 - 17*m**2 - 179*m - 10. Determine j(-7).
67
Let z(n) = n**3 + 26*n**2 - 73*n + 72. What is z(-28)?
548
Let d(y) = 37*y**2 - 72*y - 3. Give d(2).
1
Let g(b) = -14*b**2 + 122*b + 29. Give g(9).
-7
Let l(s) = -153*s + 1682. What is l(11)?
-1
Let l(h) = h**3 - 15*h**2 + 42*h - 69. What is l(12)?
3
Let v(s) = -70*s + 1631. Determine v(23).
21
Let x(i) = -i**3 - 18*i**2 + 16*i - 62. Give x(-19).
-5
Let a(i) = -88*i**3 + 2*i**2 + 32*i - 33. Give a(1).
-87
Let v(x) = -2*x**3 + 66*x**2 - 409*x + 2. Calculate v(8).
-70
Let g(o) = 24*o**2 + 275*o - 149. Calculate g(-12).
7
Let s(x) = 52*x + 2234. Determine s(-41).
102
Let n(c) = -c**2 + 20*c + 654. What is n(32)?
270
Let l(p) = -p**3 + 89*p**2 - 19*p + 1728. Give l(89).
37
Let o(c) = c**3 - 2*c**2 - 390*c + 1272. What is o(19)?
-1
Let w(y) = 308*y - 1841. Determine w(6).
7
Let z(f) = -f**3 - 25*f**2 - 41*f + 111. Determine z(-23).
-4
Let l(k) = -7*k**2 - 114*k - 28. What is l(-14)?
196
Let b(k) = -2*k**3 + 6*k**2 + 24*k - 61. What is b(5)?
-41
Let g(s) = s**2 - 432*s - 10950. Calculate g(-24).
-6
Let b(n) = 3*n - 86. Give b(21).
-23
Let h(c) = 136*c**2 - 9518*c - 135. Determine h(70).
5
Let m(y) = -7670*y + 53694. Give m(7).
4
Let l(h) = 5965*h + 17889. Give l(-3).
-6
Let m(x) = 179*x - 1787. What is m(10)?
3
Let f(d) = 3*d**3 + 32*d**2 + 58*d - 25. Give f(-9).
-142
Let w(h) = -8*h**3 - 28*h**2 + 8*h - 12. Give w(-4).
20
Let k(b) = -57*b + 11732. Give k(206).
-10
Let f(s) = 342*s + 1359. Determine f(-4).
-9
Let x(o) = -59*o + 37. Determine x(1).
-22
Let w(h) = h**2 - 2076*h + 18609. What is w(9)?
6
Let p(x) = -x**3 + 14*x**2 + 38*x - 51. Determine p(16).
45
Let h(w) = 3*w**2 - 46*w + 165. Calculate h(9).
-6
Let v(b) = -b**2 - 7*b + 30. Give v(-12).
-30
Let c(g) = -g**3 - 82*g**2 - 157*g + 214. Give c(-80).
-26
Let l(w) = -w**2 - 35*w - 255. Give l(-9).
-21
Let l(m) = 7*m + 142. What is l(-20)?
2
Let h(a) = -86*a - 1101. What is h(-13)?
17
Let z(h) = h**3 + 88*h**2 + 419*h + 228. Calculate z(-83).
-104
Let j(y) = -y**3 - 15*y**2 - 25*y - 13. What is j(-11)?
-222
Let a(m) = m**3 + 2*m**2 - 31*m + 13. Calculate a(-7).
-15
Let g(r) = 3947*r + 31579. Calculate g(-8).
3
Let l(d) = 11*d**3 + 13*d**2 - 26*d + 6. Calculate l(2).
94
Let q(v) = 8109*v - 48658. Determine q(6).
-4
Let k(h) = h**2 - 242*h + 11184. Determine k(180).
24
Let q(w) = w**3 - 32*w**2 + 83*w + 82. Give q(29).
-34
Let b(d) = -84*d - 1715. Determine b(-21).
49
Let g(p) = p**3 + 4*p**2 - 46*p - 221. Determine g(-5).
-16
Let n(m) = -317*m + 650. Give n(2).
16
Let w(n) = -n**2 + 50. What is w(11)?
-71
Let z(w) = -2*w**2 - 18*w + 71. Determine z(3).
-1
Let b(n) = n**3 + 8*n**2 - 42*n - 193. Calculate b(-10).
27
Let r(o) = 2*o**3 - 3*o**2 + 72*o - 148. Calculate r(2).
0
Let g(y) = -3*y**3 - 3*y**2 - 4*y + 8. Calculate g(3).
-112
Let u(q) = 103*q - 665. What is u(6)?
-47
Let a(m) = -20*m - 268. Calculate a(-14).
12
Let m(f) = 943*f - 2829. What is m(3)?
0
Let i(r) = 134*r - 277. Give i(2).
-9
Let a(u) = u**3 - 59*u**2 - u + 3622. Give a(58).
200
Let z(k) = -k**3 - 10*k**2 - 30*k - 36. Give z(-6).
0
Let h(p) = -p**3 - 27*p**2 + 32*p + 107. Calculate h(-28).
-5
Let i(o) = -2*o**2 + 31*o - 79. Calculate i(10).
31
Let g(m) = -37*m**2 + 163*m + 2. Determine g(7).
-670
Let v(j) = 33*j + 372. What is v(-11)?
9
Let o(p) = -465*p + 1868. Give o(4).
8
Let j(f) = -f**3 + 20*f**2 - 72*f - 10. Determine j(6).
62
Let l(f) = -3*f**2 + 54*f + 25. Give l(18).
25
Let o(n) = 2071*n - 10349. Calculate o(5).
6
Let d(q) = 4*q + 539. What is d(11)?
583
Let o(t) = t**3 + 5*t**2 - 5*t + 9. What is o(5)?
234
Let n(o) = 550*o + 3851. Calculate n(-7).
1
Let u(m) = -371*m**2 - 1857*m - 3. Give u(-5).
7
Let k(u) = u**3 - 39*u**2 + 27*u + 480. Give k(38).
62
Let f(i) = 8*i**2 + 16*i + 41. Give f(-3).
65
Let b(h) = -698*h + 120755. Determine b(173).
1
Let q(x) = 5*x + 192. Determine q(-34).
22
Let u(l) = l**3 - 20*l**2 - 35*l + 362. Calculate u(21).
68
Let b(x) = -4*x**3 + 20*x**2 - 3*x + 9. Determine b(5).
-6
Let n(a) = -12*a + 525. Calculate n(65).
-255
Let y(c) = 34*c**2 + 400*c - 55. Calculate y(-12).
41
Let v(t) = -71*t**3 + 11*t**2 - 12*t + 1. Determine v(1).
-71
Let m(p) = -p**2 + 6*p - 7. Give m(4).
1
Let c(w) = -w**3 + 10*w**2 + 116*w. Give c(17).
-51
Let h(f) = 17*f + 11. Calculate h(0).
11
Let o(v) = -363*v + 2397. Determine o(7).
-144
Let j(a) = 97*a**3 + 2*a**2 + 5*a + 4. Calculate j(-1).
-96
Let w(g) = g**3 - 144*g - 575. What is w(-9)?
-8
Let l(v) = v**2 + 95*v + 1945. What is l(-65)?
-5
Let x(n) = -n**3 + 70*n**2 - 1222*n + 10. Determine x(37).
-27
Let z(a) = -15*a - 11. Determine z(6).
-101
Let c(m) = -m**2 - 671*m + 12416. Give c(18).
14
Let u(m) = -2*m**2 + 83*m + 458. Give u(-5).
-7
Let d(t) = t**2 + 25*t - 2133. Determine d(-60).
-33
Let x(z) = 8*z + 20. Determine x(2).
36
Let j(u) = -24*u + 1592. Calculate j(66).
8
Let o(h) = -4*h + 180. Give o(45).
0
Let h(b) = b**3 - 3*b**2 - 70*b + 286. Calculate h(4).
22
Let o(q) = 78*q**3 + 2*q**2 + 12*q + 8. Give o(-1).
-80
Let k(w) = w**3 + 35*w**2 + 170*w - 128. Give k(-29).
-12
Let a(k) = -32*k**3 + 5*k**2 + 34*k + 30. Calculate a(-3).
837
Let o(j) = 2*j**3 - 27*j**2 - 45*j + 6. What is o(15)?
6
Let f(a) = a**3 - 45*a**2 - 10*a + 423. What is f(45)?
-27
Let d(r) = -1003*r - 29085. Give d(-29).
2
Let s(t) = 192*t + 71. Give s(0).
71
Let m(d) = d**2 + 35*d - 171. Calculate m(-31).
-295
Let i(t) = t**3 - 19*t**2 + 90*t + 38. Determine i(10).
38
Let v(z) = z**3 - 14*z**2 - 56*z - 26. What is v(17)?
-111
Let u(y) = -3*y**3 - 13*y**2 - 14*y + 65. Calculate u(-5).
185
Let q(f) = 5*f**3 - 164*f**2 - 34*f + 26. What is q(33)?
-7
Let f(d) = d**3 - 2*d**2 - 79*d - 6. Determine f(10).
4
Let u(l) = -88*l - 50. What is u(-9)?
742
Let a(x) = -10*x**2 - 121*x - 16. Calculate a(-12).
-4
Let b(l) = -l**2 - 128*l - 1584. Determine b(-14).
12
Let y(k) = 17*k**2 - 17*k + 18. Calculate y(5).
358
Let c(j) = -j**3 + 12*j**2 - 23*j + 583. Calculate c(14).
-131
Let b(h) = -h**2 - h + 1619. What is b(-41)?
-21
Let s(u) = -229*u - 8009. What is s(-35)?
6
Let j(y) = -y**2 + 25*y - 4. Determine j(8).
132
Let v(m) = -m**3 + 22*m**2 - 22*m + 32. Calculate v(19).
697
Let m(k) = k**2 - 105*k + 1122. Determine m(89).
-302
Let l(m) = -85*m**2 - 511*m - 1. What is l(-6)?
5
Let n(i) = -2*i**3 - 21*i**2 - 42*i - 12. W